)/(6/(-3)). Let r be i(w). Suppose 5*k - 2*h = 518, -h = 3*k - 0*h - r. What are the prime factors of k?
2, 3, 17
Suppose -5*q - 4*i + 145806 = 0, 0 = 27*q - 29*q - 4*i + 58332. What are the prime factors of q?
2, 61, 239
Suppose 1677 = -10*y + 2872 + 2155. What are the prime factors of y?
5, 67
Let r = 8273 - 2878. List the prime factors of r.
5, 13, 83
What are the prime factors of 72/9 + (14203/1)/7?
3, 7, 97
Let u(v) = -5090*v + 48. What are the prime factors of u(-1)?
2, 7, 367
Let v = -1464 - -5943. What are the prime factors of v?
3, 1493
Suppose -18004 = -11*j - 17*j. Let y = 14 + j. List the prime factors of y.
3, 73
Let t be 0 + (-10)/(-2) + -7. What are the prime factors of (t/1)/(2/(-1263))?
3, 421
Let p = -162 + 163. List the prime factors of 1 + (0 - p) + (106 - 19).
3, 29
Let d be 4*(-162)/(-72)*10/9. Suppose -5*j = -d*j + 6830. List the prime factors of j.
2, 683
Let h be 17 - (1 + -2) - (-1 - -5). Let w be (3*-34 - -2)/(-1). Suppose -15*x + w = -h*x. List the prime factors of x.
2, 5
Let t(a) be the first derivative of 3*a**4/4 - 41*a**3 + 2*a**2 - 44*a - 51. List the prime factors of t(41).
2, 3, 5
Suppose -5*p - 3*h = -8108, -8104 = -5*p + 5*h - 4*h. List the prime factors of p.
1621
Let t = 7577 - -12133. List the prime factors of t.
2, 3, 5, 73
Suppose 3*c + 35 - 168 = 2*i, -5*i = -20. Let h = -47 + c. Suppose -52 = -5*j - z - h*z, -31 = -2*j + 3*z. What are the prime factors of j?
11
Suppose -5*y - 13581 = -4*m, 4*m + y - 4203 = 9348. What are the prime factors of m?
3389
List the prime factors of 11622/(-4)*25/((-1125)/30).
13, 149
Let f(s) = 2*s**3 + 28*s**2 - 2*s - 11. Let w be f(-14). List the prime factors of w/272 - (-21135)/16.
1321
Suppose w + 54 = -0*w. Let r be (-8)/52 + w/(-13). Suppose -r*i - 50 + 130 = 0. List the prime factors of i.
2, 5
Let c(i) = i**2 + 6*i - 77. Suppose -4*n - 5 = 79. List the prime factors of c(n).
2, 7, 17
Suppose 10*m = 260418 + 210622. What are the prime factors of m?
2, 23
Suppose 0*c - 4*n + 3643 = 5*c, -2*n = -4*c + 2930. Suppose 4*s = 6*s - z - c, -5*s + 1805 = 5*z. List the prime factors of s.
2, 7, 13
Let w be 126/27 - (-2)/6. Suppose b = -w*h + 39, -h + 0 = 2. Suppose -389 + b = -5*z - l, l + 196 = 3*z. What are the prime factors of z?
67
Let i = 288 + -281. Suppose 2*v + 11*u - 940 = i*u, 2*v - 952 = -u. What are the prime factors of v?
2, 239
Let c = 233713 - 149007. List the prime factors of c.
2, 41, 1033
Let u = 418 - 417. List the prime factors of u/(-4) + (-10059)/(-12) + -3.
5, 167
Suppose 0 = -62*o + 2398 - 2774 - 3592. Let f(b) = -b**3 + 5*b**2 - 2*b - 2. Let v be f(2). What are the prime factors of o/(5 + (-33)/v)?
2
Let l = -130 + 7. Suppose -3*k + 84*f - 683 = 82*f, 3*k = -f - 698. Let n = l - k. What are the prime factors of n?
2, 3
Let l(k) = -k**3 + 6*k**2 + 3*k + 31. Let o be l(7). Suppose -476 - 265 = -o*x. List the prime factors of x.
13, 19
Let p(g) = 1261*g - 2116. What are the prime factors of p(29)?
131, 263
Suppose -q + 4*q = 0. Suppose u + q*u = -m - 73, u + 75 = -3*m. Let f = -36 - u. List the prime factors of f.
2, 3
Suppose 88*v = 77*v + 25410. Suppose j = -4*j - 5*i + v, -3*j - 2*i + 1382 = 0. What are the prime factors of j?
2, 229
Let l(t) = t**3 + 8*t**2 - 35*t + 112. Let o be l(-12). Let d = -419 - -234. Let c = o - d. What are the prime factors of c?
3, 47
Let t(y) = 55*y**2 + 3*y + 66. List the prime factors of t(-6).
2, 3, 13
Suppose -2766 - 1701 = -j. List the prime factors of j.
3, 1489
Suppose -27598140 = -792*c + 299*c. List the prime factors of c.
2, 3, 5, 311
Let m be (10/(-1) - -9)/((-1)/(-27)). Let a = m - -33. What are the prime factors of (1 - a/(-2)) + 37?
41
Let j(y) = -6*y + 90. Let a be j(13). Suppose -36*s + a*s + 19992 = 0. What are the prime factors of s?
7, 17
Suppose y = -y, 9*d - 5*y = 5*d + 219660. What are the prime factors of d?
3, 5, 7, 523
Let r = 431 - 421. Suppose r*h + 3*h = 1651. What are the prime factors of h?
127
Let y(s) = s**3 + 18*s**2 + 4*s + 3. Let x(m) = m**3 + 17*m**2 + 5*m + 5. Let q(n) = 4*x(n) - 3*y(n). List the prime factors of q(-11).
2, 11, 13
Let p(c) = 0*c**2 + c**2 + 24*c + 8 - 5*c + 14. Let t be p(-18). Suppose -5*h + d = -0*d - 315, t*h + d - 261 = 0. List the prime factors of h.
2
Let d = 213 - 292. List the prime factors of 4 - 4 - d - 0/(-2).
79
Let c = -16607 - -11243. Let z be (-1)/((-6)/c)*1/(-2). Suppose -5*g - 6*p + z = -4*p, -5*p = g - 71. List the prime factors of g.
7, 13
Suppose 97*v + 1073039 = 5159807 + 1061895. What are the prime factors of v?
3, 13, 1361
Suppose 34*g - 32*g - 3*z = 5227, 10463 = 4*g - 3*z. What are the prime factors of g?
2, 7, 11, 17
Let p(j) = 18*j**2 + 5*j + 39. Let o be p(-5). Suppose 146*k - 154*k + o = 0. What are the prime factors of k?
2, 29
Suppose 3*u - 2*u - 20981 = -3*f, u = 3*f + 20957. What are the prime factors of u?
13, 1613
Let y(t) = -13*t**3 - 10*t**2 - 2*t + 30. What are the prime factors of y(-9)?
3, 5, 7, 83
Let o(v) = v + 3. Let d be o(3). Suppose d*c = c. Let s(h) = h**3 - h**2 + 2*h + 29. List the prime factors of s(c).
29
Let x = 1369 + -521. Let t(o) = -66*o - 526. Let y be t(-8). Suppose y*c - 10*c = -x. List the prime factors of c.
2, 53
Suppose 5*a - 2*j - 7 = 3, -5*a = 2*j - 10. List the prime factors of (-210)/66 + a/11 + 949.
2, 11, 43
Suppose 4*n - 18494 = -10*n. Let u = n - 919. List the prime factors of u.
2, 3, 67
Let m(o) = -2*o**2 + 77*o - 33. Let w be m(38). Suppose g - w*p = -0*g + 580, -2*p = -g + 580. List the prime factors of g.
2, 5, 29
Suppose 16*j - 2821 = 9*j. Suppose j - 13 = 6*k. Suppose -60 = -v + k. List the prime factors of v.
5
Suppose 46*n - 313142 = 248584 + 129976. What are the prime factors of n?
11, 1367
Let o = 17 + -11. Let k be (-20)/o*4*18/(-30). Suppose k*f - 3*f = 185. List the prime factors of f.
37
What are the prime factors of 6/4*-1 - ((-44965)/(-2))/(-1)?
22481
Let b be (111/(-74))/((-6)/20). What are the prime factors of (2 + 15/b)/(-4 - -5)?
5
Let b(w) = 4*w + 12. Suppose 0 = -4*i + 4*g + 4, -3*i + 8 = i - 2*g. List the prime factors of b(i).
2, 3
Let d be 6/(-51) - (-892)/68. Let u = d + -11. What are the prime factors of 31/u*(2 - (-2 - 2))?
3, 31
Suppose -5*i - 5*c - 140 = -0*i, -5*i + 5*c - 100 = 0. Let b be 5*i*1/(-10). List the prime factors of (-1356)/(-15) + b/(-30).
2, 3, 5
Suppose -23*t = -20*t - 21. Let p(k) = k**3 - 9*k**2 + 10*k + 10. Let u be p(t). What are the prime factors of (136/(-24))/(2/u)?
3, 17
Let r = 7123 - 1603. Suppose 0 = -3*b - 2*b + r. What are the prime factors of b?
2, 3, 23
Let a = -366 + 906. Let b = a - 183. What are the prime factors of b?
3, 7, 17
Suppose 0 = -27*a + 28*a + c - 14863, 0 = 5*a + 4*c - 74316. List the prime factors of a.
2, 929
Let p be (4/(-2) - 1)/((-6)/4). Suppose p*z = 2*s + z - 37, -55 = -3*s + z. Let a = 25 + s. List the prime factors of a.
43
Let u = 560 - 102. Let d = u - 305. What are the prime factors of d?
3, 17
Let m be ((-12)/(-15))/((-66)/(-165)). What are the prime factors of (1 + m)*-1*(-163 - -3)?
2, 3, 5
Let s be 44 - ((-3 - 5) + 4). Suppose -45*r - 1071 = -s*r. List the prime factors of r.
3, 7, 17
Suppose -73*h + 72*h = -205. Suppose 3*z - 382 = -2*q + 8, -h = -q + z. What are the prime factors of q?
3, 67
Suppose 6 = 2*m - 5*m. Let q(p) = -3*p**2 + 7*p**2 + 127 + 2*p**2 - 125. What are the prime factors of q(m)?
2, 13
Let v(o) be the third derivative of 2*o**4 - 53*o**3/3 + 17*o**2 - 2. List the prime factors of v(23).
2, 499
Let p be 6/(-10) + 8315/25. Let r = 227 + -410. Let n = r + p. List the prime factors of n.
149
Let v be (-4)/(-14) + -73*11/(-7). Suppose -5*n + v = 2*u - 453, -2*n + 244 = 5*u. List the prime factors of n.
2, 7
Let w(b) = 22*b**2 - b + 19. Let u be w(-8). Suppose p = 0, u = 5*f + p - 1385. What are the prime factors of f?
2, 3, 47
Suppose 2*y = 2*z + 14706, 0 = -128*y + 124*y + z + 29394. List the prime factors of y.
3, 31, 79
Suppose 4*s = 10*p + 137330, -12*s + 7*s + 171580 = 4*p. List the prime factors of s.
2, 3, 5, 11, 13
Suppose -4*p = 2*h - 23158, 3*h - 335*p - 34769 = -333*p. What are the prime factors of h?
11587
Let s(c) = -c + 42 - 46 + 16*c**2 - 13*c**2. Let h be s(2). List the prime factors of (h/2)/(3126/444 - 7).
2, 37
Let a(w) = 5*w**2 + 4*w + 7. Let l be 22/(-33)*(-99)/(-2).